59 (base 13) to base 12.
-32107
145804 (base 9) to base 5
10331330
Convert 111110011012000 (base 3) to base 12.
2488690
10000000000101011100 (base 2) to base 9
878588
-202122 (base 5) to base 4
-1212021
Convert 143051200 (base 6) to base 14.
569916
Convert 12010012112 (base 3) to base 8.
304617
Convert -302515 (base 10) to base 3.
-120100222021
What is -1aa28 (base 11) in base 13?
-10396
10011011001101011001 (base 2) to base 6
21343121
What is -1fb847 (base 16) in base 12?
-843007
-172727 (base 9) to base 13
-3993a
What is -24323106 (base 8) in base 14?
-9d40d0
Convert -252645556 (base 7) to base 3.
-1010002122002201
Convert 200111323 (base 4) to base 3.
20201201111
-11011010100010010011 (base 2) to base 12
-372017
What is 4cb63f (base 16) in base 5?
2241334031
11234303 (base 5) to base 7
604461
Convert 74064 (base 9) to base 8.
137405
What is 23773 (base 13) in base 14?
19982
Convert -573122 (base 15) to base 13.
-b29307
Convert 102020202011 (base 3) to base 4.
312003313
-4615246 (base 7) to base 8
-2144306
Convert -672 (base 14) to base 11.
-a60
Convert -133102330 (base 5) to base 9.
-1238347
Convert 5546227 (base 9) to base 16.
2d8557
What is -100404163 (base 7) in base 6?
-325010531
Convert 2848747 (base 11) to base 9.
10200706
What is -3023204324 (base 5) in base 12?
-2048423
-1f394c (base 16) to base 3
-10211221222022
5233555 (base 6) to base 9
425758
Convert 74b2a (base 14) to base 2.
1000100110111100010
40822a (base 11) to base 3
1020021122221
What is -711a37 (base 11) in base 14?
-21b199
Convert 2121774 (base 12) to base 13.
13b4876
95aab (base 12) to base 13
6b792
What is 3eb7e8 (base 15) in base 6?
144504145
What is 201c6b (base 14) in base 6?
35055515
What is -3132333203 (base 4) in base 14?
-19ac15
What is 12241252 (base 6) in base 3?
202000212212
-14715675 (base 8) to base 13
-915608
Convert -10a6c93 (base 14) to base 13.
-1849892
Convert -409002 (base 10) to base 5.
-101042002
11b90a (base 12) to base 4
1012301122
Convert -16606417 (base 8) to base 10.
-3869967
Convert -65d12 (base 16) to base 9.
-705060
What is 110111111111000100011 (base 2) in base 11?
1043346
125856 (base 9) to base 8
225343
-75218 (base 16) to base 2
-1110101001000011000
Convert 62277716 (base 8) to base 11.
74aa4a9
Convert 100001011100000000100 (base 2) to base 6.
35252340
What is -20827 (base 12) in base 9?
-64454
What is 120304012 (base 5) in base 3?
1001021201122
Convert 11552503 (base 7) to base 11.
649a98
b25a59 (base 12) to base 3
12020200110220
-d4426 (base 16) to base 7
-10250510
What is 3301200322 (base 4) in base 5?
223123432
What is 19b3a94 (base 13) in base 4?
200121000023
What is 3303132343 (base 5) in base 16?
6c15d1
Convert -11233021033 (base 4) to base 16.
-16f24f
What is -31c98 (base 13) in base 4?
-111332301
10011001010100000011000 (base 2) to base 14
94ab68
Convert 28232 (base 10) to base 4.
12321020
Convert 100110101111101011 (base 2) to base 14.
41b99
10200301102 (base 4) to base 13
3254aa
Convert 96216a (base 15) to base 2.
11011010000011011110000
What is -11010111011101110 (base 2) in base 5?
-12012233
6064a (base 12) to base 15
2720d
Convert 10111110111110011111110 (base 2) to base 9.
12687222
What is 198a210 (base 11) in base 16?
33249f
-120466 (base 9) to base 14
-1c627
What is 111220110020111 (base 3) in base 8?
34141540
22030232223 (base 4) to base 16
28cbab
Convert 1509653 (base 12) to base 10.
4246623
-20030313 (base 4) to base 9
-51063
Convert 1110101000001100 (base 2) to base 14.
17b9a
Convert 1ca633 (base 13) to base 7.
6156560
Convert -433354324 (base 6) to base 10.
-7729036
What is -e155 (base 15) in base 7?
-255434
Convert 47543 (base 8) to base 7.
113152
What is -a3996 (base 14) in base 2?
-1100000010000110000
-1201012000020 (base 3) to base 11
-570aa7
What is -2563441 (base 7) in base 4?
-1101302101
-52665 (base 15) to base 2
-111111110011001000
14168b (base 15) to base 3
1211010002212
What is 65524767 (base 8) in base 7?
230402130
65746a (base 15) to base 13
1003372
What is 433123113 (base 5) in base 6?
103342005
8122bb (base 13) to base 15
3e502b
Convert 679318 (base 10) to base 11.
424422
Convert -173bc8 (base 13) to base 6.
-20232230
What is -a090 (base 11) in base 9?
-20348
-175a350 (base 12) to base 3
-100010100221020
72a40 (base 11) to base 8
317643
Convert 1002021221010 (base 3) to base 2.
10001100110001001100
110100101011101011 (base 2) to base 6
4343003
What is 661303 (base 7) in base 6?
2251501
Convert -1a9a6 (base 14) to base 7.
-401366
43327f (base 16) to base 7
52301116
What is 67486 (base 13) in base 6?
4004111
8c2de3 (base 15) to base 14
c62cba
What is 39345 (base 12) in base 6?
1402125
What is -11220200120021 (base 3) in base 8?
-11754752
87863 (base 9) to base 3
2221222010
-101220220000212 (base 3) to base 12
-1b3ab95
Convert -227017 (base 8) to base 3.
-10221001222
What is 243be0 (base 15) in base 4?
12213112230
Convert 12130013 (base 6) to base 3.
201120000100
Convert -24141244 (base 6) to base 8.
-2713734
What is 110742 (base 8) in base 13?
13cca
What is 10001001100100011111 (base 2) in base 16?
8991f
What is 1000110111110011000111 (base 2) in base 6?
121503051
What is 4420109 (base 11) in base 15?
a34340
Convert -7056613 (base 9) to base 15.
-4e3629
Convert 2104430 (base 7) to base 6.
5234302
-30740b (base 15) to base 9
-4288582
19f04 (base 16) to base 8
317404
-145214400 (base 6) to base 14
-5959a8
9b9a (base 16) to base 8
115632
-2210221200210 (base 3) to base 12
-601179
Convert -2b362 (base 13) to base 2.
-10011111111010100
What is 2c3193 (base 15) in base 13?
59a756
Convert 1734834 (base 11) to base 14.
56aab0
-162571 (base 8) to base 16
-e579
Convert -5145362 (base 8) to base 4.
-11030223302
Convert 111db2 (base 14) to base 16.
8e038
What is -1334a20 (base 11) in base 8?
-10626251
Convert -425341 (base 6) to base 10.
-34909
Convert 1664506 (base 7) to base 9.
386627
What is -198b56 (base 14) in base 10?
-907752
Convert 2a9282 (base 11) to base 9.
812507
Convert -5b2433 (base 15) to base 9.
-8176703
Convert 414022132 (base 5) to base 13.
478ba3
What is -767010 (base 8) in base 6?
-5304200
-ffb859 (base 16) to base 10
-16758873
What is -1171658 (base 9) in base 8?
-2335365
-11101111011001101100 (base 2) to base 6
-33003432
-1001100000010110 (base 2) to base 7
-221340
Convert 2578323 (base 9) to base 15.
1ccc50
-20254060 (base 7) to base 2
-110011101100110100111
-20313230 (base 4) to base 9
-54748
Convert 34221 (base 12) to base 6.
1253241
What is -134a0 (base 16) in base 7?
-446226
11101201011111 (base 3) to base 6
122025234
What is 19b8a5 (base 14) in base 8?
3374011
What is 993caa (base 13) in base 4?
31300232111
What is 1065764 (base 9) in base 4?
2030121211
Convert -4043024 (base 7) to base 9.
-813128
-104314a (base 11) to base 14
-35a68d
What is -31522404 (base 6) in base 11?
-584676
Convert -11954039 (base 10) to base 14.
-18325dd
Convert b01a9 (base 14) to base 13.
11a665
-3b0a (base 16) to base 12
-88b6
What is -70c1f (base 16) in base 15?
-91ca5
Convert 3640104 (base 7) to base 16.
71256
What is -6dd37 (base 16) in base 8?
-1556467
What is -d37f (base 16) in base 10?
-54143
What is -167b772 (base 12) in base 5?
-2142103410
394a92 (base 12) to base 8
3457016
8e681 (base 16) to base 12
241681
-2202230332 (base 4) to base 2
-10100010101100111110
What is a94e10 (base 15) in base 14?
10dd73a
Convert 2000d (base 16) to base 14.
35ab3
2732435 (base 9) to base 14
2adb62
What is -23982 (base 11) in base 10?
-34454
-121110240 (base 5) to base 14
-10a556
1273800 (base 13) to base 6
323454333
What is 10099a6 (base 11) in base 3?
10100200012200
-424141143 (base 5) to base 14
-347384
Convert 3a850c (base 16) to base 2.
1110101000010100001100
2231331231 (base 4) to base 15
e11dc
Convert -11111110110000 (base 2) to base 4.
-3332300
-100200733 (base 8) to base 6
-1401001523
What is -14241 (base 11) in base 10?
-20252
755605 (base 8) to base 10
252805
-1101100101001001 (base 2) to base 12
-28235
What is 1122200213 (base 5) in base 3?
11202220212122
4763645 (base 9) to base 15
35ebe2
3221d (base 14) to base 12
5a143
What is -11624a (base 14) in base 11?
-375719
What is 1113355 (base 10) in base 16?
10fd0b
Convert 13b362 (base 15) to base 3.
1210012222102
-11968c (base 13) to base 3
-210101011121
3637